{"id":1003,"date":"2017-07-31T12:18:54","date_gmt":"2017-07-31T10:18:54","guid":{"rendered":"http:\/\/liederkranz-pohl-goens.de\/?page_id=1003"},"modified":"2022-10-23T16:41:18","modified_gmt":"2022-10-23T14:41:18","slug":"das-jahr-2016","status":"publish","type":"page","link":"https:\/\/liederkranz-pohl-goens.de\/index.php\/chronik\/das-jahr-2016\/","title":{"rendered":"Das Jahr 2016"},"content":{"rendered":"<p><span style=\"font-size: x-large;\">\u00a0<\/span>Das <b>Jahr 2016 <\/b>sah wieder einen vollen und abwechslungsreichen Terminplan f\u00fcr den Liederkranz vor.<\/p>\n<p style=\"text-align: justify;\">Im M\u00e4rz besuchte man in Nieder-Weisel das Kritiksingen des Hausberg-Wettertal-S\u00e4ngerbundes mit anschlie\u00dfendem Workshop. Nur einen Monat sp\u00e4ter, im April, weilte der Chor ebenfalls wieder in Nieder-Weisel. Der Liederkranz war der Einladung seines ehemaligen langj\u00e4hrigen Dirigenten Helmut Haub gefolgt. Dieser feierte sein 50-j\u00e4hriges Dirigenten-Jubil\u00e4um, wozu man die Feierlichkeiten mit einem St\u00e4ndchen umrahmte.<\/p>\n<p>&nbsp;<\/p>\n<p style=\"text-align: justify;\"><img loading=\"lazy\" decoding=\"async\" class=\"size-medium wp-image-511 alignleft\" src=\"https:\/\/liederkranz-pohl-goens.de\/wp-content\/uploads\/2016\/07\/Konzerteinladung-212x300.jpg\" alt=\"\" width=\"212\" height=\"300\" srcset=\"https:\/\/liederkranz-pohl-goens.de\/wp-content\/uploads\/2016\/07\/Konzerteinladung-212x300.jpg 212w, https:\/\/liederkranz-pohl-goens.de\/wp-content\/uploads\/2016\/07\/Konzerteinladung-768x1086.jpg 768w, https:\/\/liederkranz-pohl-goens.de\/wp-content\/uploads\/2016\/07\/Konzerteinladung-724x1024.jpg 724w, https:\/\/liederkranz-pohl-goens.de\/wp-content\/uploads\/2016\/07\/Konzerteinladung-960x1357.jpg 960w\" sizes=\"auto, (max-width: 212px) 100vw, 212px\" \/>Wie im vergangenen Jahr stand auch 2016 \u00fcber Pfingsten eine Chorfahrt an. Diesmal ging es nach Breisach im Elsass. Die Probenzeiten wurden intensiv zur Vorbereitung auf den im Juni anstehenden Chorwettbewerb in Bad Soden Salm\u00fcnster genutzt. Jedoch kamen auch die Kultur und die Geselligkeit nicht zu kurz. Neben einem Konzert mit einem Chor in Bad Krotzingen unternahm der Chor einen Ausflug in die franz\u00f6sische Stadt Colmar und eine musikalische Einlage im Stra\u00dfburger M\u00fcnster auf der Heimfahrt rundete die Chorfahrt ab.<\/p>\n<p><img loading=\"lazy\" decoding=\"async\" class=\"size-medium wp-image-1009 alignright\" src=\"https:\/\/liederkranz-pohl-goens.de\/wp-content\/uploads\/2017\/07\/Silber-Diplom-Bad-Soden-169x300.jpg\" alt=\"\" width=\"169\" height=\"300\" srcset=\"https:\/\/liederkranz-pohl-goens.de\/wp-content\/uploads\/2017\/07\/Silber-Diplom-Bad-Soden-169x300.jpg 169w, https:\/\/liederkranz-pohl-goens.de\/wp-content\/uploads\/2017\/07\/Silber-Diplom-Bad-Soden-768x1365.jpg 768w, https:\/\/liederkranz-pohl-goens.de\/wp-content\/uploads\/2017\/07\/Silber-Diplom-Bad-Soden-576x1024.jpg 576w, https:\/\/liederkranz-pohl-goens.de\/wp-content\/uploads\/2017\/07\/Silber-Diplom-Bad-Soden.jpg 900w\" sizes=\"auto, (max-width: 169px) 100vw, 169px\" \/><\/p>\n<p>&nbsp;<\/p>\n<p>&nbsp;<\/p>\n<p>&nbsp;<\/p>\n<p style=\"text-align: justify;\">So fuhr der Chor dann am 04. Juni bestens vorbereitet und gut gelaunt nach Bad Soden Salm\u00fcnster zum Chorwettbewerb. Mit rund 50 S\u00e4ngerinnen und S\u00e4ngern trat der Liederkranz in der Gruppe G1 f\u00fcr Gemischte Ch\u00f6re gegen drei Gegner an. Konzentriert und hoch motiviert bot der Gesangverein der Jury und dem Publikum die drei Volkslieder \u201eHoch auf dem gelben Wagen\u201c, \u201eLocuras\u201c und \u201eDidn\u2019t my Lord, deliver Daniel\u201c, die unterschiedlicher nicht sein k\u00f6nnen, dar. Gro\u00df war am Abend die Freude als feststand, dass der Liederkranz mit einer Gesamtwertung von 84,56 Punkten ein Silberdiplom ersungen und dazu noch mit nur 0,55 Punkten R\u00fcckstand einen souver\u00e4nen zweiten Klassenplatz erreicht hatte.<\/p>\n<p><img loading=\"lazy\" decoding=\"async\" class=\"size-medium wp-image-1012 alignleft\" src=\"https:\/\/liederkranz-pohl-goens.de\/wp-content\/uploads\/2017\/07\/2016-05_001-300x225.jpg\" alt=\"\" width=\"300\" height=\"225\" srcset=\"https:\/\/liederkranz-pohl-goens.de\/wp-content\/uploads\/2017\/07\/2016-05_001-300x225.jpg 300w, https:\/\/liederkranz-pohl-goens.de\/wp-content\/uploads\/2017\/07\/2016-05_001-768x576.jpg 768w, https:\/\/liederkranz-pohl-goens.de\/wp-content\/uploads\/2017\/07\/2016-05_001-1024x768.jpg 1024w, https:\/\/liederkranz-pohl-goens.de\/wp-content\/uploads\/2017\/07\/2016-05_001-960x720.jpg 960w\" sizes=\"auto, (max-width: 300px) 100vw, 300px\" \/><\/p>\n<p style=\"text-align: justify;\">\u201eLiederkranz goes Hollywood\u201c hie\u00df es f\u00fcr die Liederkranz-Familie im Juli und August. Der Chor schlug neue Wege ein und engagierte die Firma Durchleuchter (\u201eplanen + machen + gucken \u2013 Medien und mehr UG\u201c) f\u00fcr die Erstellung eines professionellen Imagefilmes. Es handelt sich dabei um einen etwa f\u00fcnf-min\u00fctigen Video-Clip, der unseren Chor so darstellt wie er ist: Eine gro\u00dfe Familie, aber keine geschlossene Gesellschaft! Viel Spa\u00df und Freude hatten die Aktiven bei den Dreharbeiten.<\/p>\n<p>&nbsp;<\/p>\n<p><img loading=\"lazy\" decoding=\"async\" class=\"size-medium wp-image-1028 alignright\" src=\"https:\/\/liederkranz-pohl-goens.de\/wp-content\/uploads\/2017\/07\/Programm-10-Jahre-Martin--210x300.jpeg\" alt=\"\" width=\"210\" height=\"300\" srcset=\"https:\/\/liederkranz-pohl-goens.de\/wp-content\/uploads\/2017\/07\/Programm-10-Jahre-Martin--210x300.jpeg 210w, https:\/\/liederkranz-pohl-goens.de\/wp-content\/uploads\/2017\/07\/Programm-10-Jahre-Martin-.jpeg 445w\" sizes=\"auto, (max-width: 210px) 100vw, 210px\" \/><\/p>\n<p style=\"text-align: justify;\">Das Highlight des Jahres wartete im Oktober auf den Chor. Chorleiter Martin Winkler konnte sein 10-j\u00e4hriges Jubil\u00e4um beim Liederkranz feiern. Dieser Anlass wurde mit einem Jubil\u00e4umskonzert in der Alten Turnhalle in Butzbach gefeiert. Denn der Liederkranz ist stolz darauf, Martin Winkler seit 10 Jahren an der musikalischen Spitze zu haben. Durch den Gesangsp\u00e4dagogen und Chorleiter, der sowohl in Deutschland als auch international als Gastdirigent, Juror und Workshopleiter fungiert, konnte der Gesangverein Liederkranz in den vergangenen Jahren mehrere renommierte Ch\u00f6re aus der ganzen Welt in Pohl-G\u00f6ns begr\u00fc\u00dfen. So konzertierten schon der Missouri State University Choir aus Amerika oder die St. Thomas Singers<\/p>\n<p style=\"text-align: center;\"><a href=\"https:\/\/liederkranz-pohl-goens.de\/index.php\/chronik\/das-jahr-2017\/\">\u00a0weiter&#8230;<\/a><\/p>\n","protected":false},"excerpt":{"rendered":"<p>\u00a0Das Jahr 2016 sah wieder einen vollen und abwechslungsreichen Terminplan f\u00fcr den Liederkranz vor. Im M\u00e4rz besuchte man in Nieder-Weisel das Kritiksingen des Hausberg-Wettertal-S\u00e4ngerbundes mit anschlie\u00dfendem Workshop. Nur einen Monat sp\u00e4ter, im April, weilte der Chor ebenfalls wieder in Nieder-Weisel. Der Liederkranz war der Einladung seines ehemaligen langj\u00e4hrigen Dirigenten Helmut<\/p>\n","protected":false},"author":2,"featured_media":0,"parent":76,"menu_order":6,"comment_status":"closed","ping_status":"closed","template":"","meta":{"footnotes":""},"class_list":["post-1003","page","type-page","status-publish","hentry"],"_links":{"self":[{"href":"https:\/\/liederkranz-pohl-goens.de\/index.php\/wp-json\/wp\/v2\/pages\/1003","targetHints":{"allow":["GET"]}}],"collection":[{"href":"https:\/\/liederkranz-pohl-goens.de\/index.php\/wp-json\/wp\/v2\/pages"}],"about":[{"href":"https:\/\/liederkranz-pohl-goens.de\/index.php\/wp-json\/wp\/v2\/types\/page"}],"author":[{"embeddable":true,"href":"https:\/\/liederkranz-pohl-goens.de\/index.php\/wp-json\/wp\/v2\/users\/2"}],"replies":[{"embeddable":true,"href":"https:\/\/liederkranz-pohl-goens.de\/index.php\/wp-json\/wp\/v2\/comments?post=1003"}],"version-history":[{"count":41,"href":"https:\/\/liederkranz-pohl-goens.de\/index.php\/wp-json\/wp\/v2\/pages\/1003\/revisions"}],"predecessor-version":[{"id":1006,"href":"https:\/\/liederkranz-pohl-goens.de\/index.php\/wp-json\/wp\/v2\/pages\/1003\/revisions\/1006"}],"up":[{"embeddable":true,"href":"https:\/\/liederkranz-pohl-goens.de\/index.php\/wp-json\/wp\/v2\/pages\/76"}],"wp:attachment":[{"href":"https:\/\/liederkranz-pohl-goens.de\/index.php\/wp-json\/wp\/v2\/media?parent=1003"}],"curies":[{"name":"wp","href":"https:\/\/api.w.org\/{rel}","templated":true}]}}