{"id":644,"date":"2017-05-10T10:29:23","date_gmt":"2017-05-10T08:29:23","guid":{"rendered":"http:\/\/liederkranz-pohl-goens.de\/?page_id=644"},"modified":"2018-12-11T10:17:04","modified_gmt":"2018-12-11T09:17:04","slug":"chronik-des-jahres-2013","status":"publish","type":"page","link":"https:\/\/liederkranz-pohl-goens.de\/index.php\/chronik\/chronik-des-jahres-2013\/","title":{"rendered":"Das Jahr 2013"},"content":{"rendered":"<p>Auch das Jahr <strong>2013<\/strong> wartet wieder mit vielen H\u00f6hepunkten auf.<\/p>\n<p style=\"text-align: justify;\">Zun\u00e4chst folgte der Gesangverein Liederkranz einer Einladung nach Frechenhausen (Kreis Marburg-Biedenkof) im M\u00e4rz und gestaltete gemeinsam mit den drei Frechenh\u00e4usern Ch\u00f6ren das Konzert &#8222;Aus Freude am Singen&#8220;. Anfang Mai fand dann ein vom Liederkranz veranstalteter und sehr gut besuchter Gospelworkshop zum Auftakt f\u00fcr das diesj\u00e4hrige Dorfparkfest statt. Dieses findet immer an Christi Himmelfahrt statt und wurde tournusgem\u00e4\u00df vom Gesangverein organisiert. Bei Sonne, Wolken und angenehmen Temperaturen verbrachte man mit der Bev\u00f6lkerung aus Nah und Fern viele gesellige Stunden.<\/p>\n<p style=\"text-align: justify;\">Mit zwei neuen S\u00e4ngern im Gep\u00e4ck begann nun die &#8222;hei\u00dfe Vorbereitungsphase&#8220; f\u00fcr den im Juni in Wald Michelbach stattfindenden Chorwettbewerb. Hoch motiviert ging der aus inzwischen \u00fcber 60 S\u00e4ngerinnen und S\u00e4nger bestehende Chor an die Arbeit, denn auch in Wald Michelbach musste man sich gegen starke Konkurrenz durchsetzen. Mit einem neuen, kubanischen Lied im Gep\u00e4ck ersang man sich in der sehr stark besetzten, gemischten Chorklasse ein Silberdiplom.<\/p>\n<p style=\"text-align: justify;\">Ende Juni folgte dann das Highlight des Jahres: 50 Jahre Frauen im Liederkranz! Das Festwochenende begann Samstagabend mit einem Konzert der Extraklasse. Namhafte Ch\u00f6re und Ensembles aus Karlsruhe und Saarbr\u00fccken verwandelten gemeinsam mit dem Liederkranz und dem Frohsinn Oppershofen die MZH in einen besonderen Klangteppich. Der Sonntagvormittag stand ganz im Zeichen des Gr\u00fcndungsjahres 1963. Ein eigens f\u00fcr den Anlass geschriebenes Theaterst\u00fcck aus der Feder des bekannten Heimatforschers Werner Reusch begeisterte das Publikum. So bekam man eine Vorstandssitzung, Schw\u00e4tzchen am Kreuz und auch eine n\u00e4chtliche Singstunde zu sehen. Eingebettet in die einzelnen Szenen war ein Gottesdienst. Am Nachmittag fand ein erstmaliges Vocalcaf\u00e9 statt. Hierzu hatte man sich ebenfalls G\u00e4ste aus Nah und Fern eingeladen um gemeinsam ein weiteres Klangerlebnis zu schaffen. Die weit \u00fcber die Ortsgrenzen hinaus bekannte Kuchentheke fehlte dabei nicht.<\/p>\n<p style=\"text-align: justify;\">Im September nimmt der Gesangverein Liederkranz an einem Konzert anl\u00e4sslich 60 Jahre Spielleuteorchester der Ffw Pohl-G\u00f6ns teil.<\/p>\n<p>&nbsp;<\/p>\n<p style=\"text-align: center;\"><a href=\"https:\/\/liederkranz-pohl-goens.de\/index.php\/chronik\/das-jahr-2014\/\">weiter&#8230;.<\/a><\/p>\n","protected":false},"excerpt":{"rendered":"<p>Auch das Jahr 2013 wartet wieder mit vielen H\u00f6hepunkten auf. Zun\u00e4chst folgte der Gesangverein Liederkranz einer Einladung nach Frechenhausen (Kreis Marburg-Biedenkof) im M\u00e4rz und gestaltete gemeinsam mit den drei Frechenh\u00e4usern Ch\u00f6ren das Konzert &#8222;Aus Freude am Singen&#8220;. Anfang Mai fand dann ein vom Liederkranz veranstalteter und sehr gut besuchter Gospelworkshop<\/p>\n","protected":false},"author":4,"featured_media":0,"parent":76,"menu_order":3,"comment_status":"closed","ping_status":"closed","template":"","meta":{"footnotes":""},"class_list":["post-644","page","type-page","status-publish","hentry"],"_links":{"self":[{"href":"https:\/\/liederkranz-pohl-goens.de\/index.php\/wp-json\/wp\/v2\/pages\/644","targetHints":{"allow":["GET"]}}],"collection":[{"href":"https:\/\/liederkranz-pohl-goens.de\/index.php\/wp-json\/wp\/v2\/pages"}],"about":[{"href":"https:\/\/liederkranz-pohl-goens.de\/index.php\/wp-json\/wp\/v2\/types\/page"}],"author":[{"embeddable":true,"href":"https:\/\/liederkranz-pohl-goens.de\/index.php\/wp-json\/wp\/v2\/users\/4"}],"replies":[{"embeddable":true,"href":"https:\/\/liederkranz-pohl-goens.de\/index.php\/wp-json\/wp\/v2\/comments?post=644"}],"version-history":[{"count":6,"href":"https:\/\/liederkranz-pohl-goens.de\/index.php\/wp-json\/wp\/v2\/pages\/644\/revisions"}],"predecessor-version":[{"id":4259,"href":"https:\/\/liederkranz-pohl-goens.de\/index.php\/wp-json\/wp\/v2\/pages\/644\/revisions\/4259"}],"up":[{"embeddable":true,"href":"https:\/\/liederkranz-pohl-goens.de\/index.php\/wp-json\/wp\/v2\/pages\/76"}],"wp:attachment":[{"href":"https:\/\/liederkranz-pohl-goens.de\/index.php\/wp-json\/wp\/v2\/media?parent=644"}],"curies":[{"name":"wp","href":"https:\/\/api.w.org\/{rel}","templated":true}]}}

<p>Auch das Jahr <strong>2013</strong> wartet wieder mit vielen Höhepunkten auf.</p>
<p style="text-align: justify;">Zunächst folgte der Gesangverein Liederkranz einer Einladung nach Frechenhausen (Kreis Marburg-Biedenkof) im März und gestaltete gemeinsam mit den drei Frechenhäusern Chören das Konzert &#8222;Aus Freude am Singen&#8220;. Anfang Mai fand dann ein vom Liederkranz veranstalteter und sehr gut besuchter Gospelworkshop zum Auftakt für das diesjährige Dorfparkfest statt. Dieses findet immer an Christi Himmelfahrt statt und wurde tournusgemäß vom Gesangverein organisiert. Bei Sonne, Wolken und angenehmen Temperaturen verbrachte man mit der Bevölkerung aus Nah und Fern viele gesellige Stunden.</p>
<p style="text-align: justify;">Mit zwei neuen Sängern im Gepäck begann nun die &#8222;heiße Vorbereitungsphase&#8220; für den im Juni in Wald Michelbach stattfindenden Chorwettbewerb. Hoch motiviert ging der aus inzwischen über 60 Sängerinnen und Sänger bestehende Chor an die Arbeit, denn auch in Wald Michelbach musste man sich gegen starke Konkurrenz durchsetzen. Mit einem neuen, kubanischen Lied im Gepäck ersang man sich in der sehr stark besetzten, gemischten Chorklasse ein Silberdiplom.</p>
<p style="text-align: justify;">Ende Juni folgte dann das Highlight des Jahres: 50 Jahre Frauen im Liederkranz! Das Festwochenende begann Samstagabend mit einem Konzert der Extraklasse. Namhafte Chöre und Ensembles aus Karlsruhe und Saarbrücken verwandelten gemeinsam mit dem Liederkranz und dem Frohsinn Oppershofen die MZH in einen besonderen Klangteppich. Der Sonntagvormittag stand ganz im Zeichen des Gründungsjahres 1963. Ein eigens für den Anlass geschriebenes Theaterstück aus der Feder des bekannten Heimatforschers Werner Reusch begeisterte das Publikum. So bekam man eine Vorstandssitzung, Schwätzchen am Kreuz und auch eine nächtliche Singstunde zu sehen. Eingebettet in die einzelnen Szenen war ein Gottesdienst. Am Nachmittag fand ein erstmaliges Vocalcafé statt. Hierzu hatte man sich ebenfalls Gäste aus Nah und Fern eingeladen um gemeinsam ein weiteres Klangerlebnis zu schaffen. Die weit über die Ortsgrenzen hinaus bekannte Kuchentheke fehlte dabei nicht.</p>
<p style="text-align: justify;">Im September nimmt der Gesangverein Liederkranz an einem Konzert anlässlich 60 Jahre Spielleuteorchester der Ffw Pohl-Göns teil.</p>
<p>&nbsp;</p>
<p style="text-align: center;"><a href="https://liederkranz-pohl-goens.de/index.php/chronik/das-jahr-2014/">weiter&#8230;.</a></p>

<p>Auch das Jahr 2013 wartet wieder mit vielen Höhepunkten auf. Zunächst folgte der Gesangverein Liederkranz einer Einladung nach Frechenhausen (Kreis Marburg-Biedenkof) im März und gestaltete gemeinsam mit den drei Frechenhäusern Chören das Konzert &#8222;Aus Freude am Singen&#8220;. Anfang Mai fand dann ein vom Liederkranz veranstalteter und sehr gut besuchter Gospelworkshop</p>
