{"id":8492,"date":"2021-08-07T15:59:40","date_gmt":"2021-08-07T13:59:40","guid":{"rendered":"https:\/\/liederkranz-pohl-goens.de\/?page_id=8492"},"modified":"2022-12-10T19:40:08","modified_gmt":"2022-12-10T18:40:08","slug":"das-jahr-2020-singen-unter-corona","status":"publish","type":"page","link":"https:\/\/liederkranz-pohl-goens.de\/index.php\/chronik\/das-jahr-2020-singen-unter-corona\/","title":{"rendered":"Das Jahr 2020 &#8211; Singen unter Corona"},"content":{"rendered":"\n<p><strong>Wer h\u00e4tte gedacht, dass ein Virus unseren Verein so belasten k\u00f6nnte\u2026&nbsp;<\/strong><\/p>\n\n\n\n<p>Wie jedes Jahr wurde die erste Probe mit der Besprechung der Jahrestermine begonnen.<\/p>\n\n\n\n<div class=\"wp-block-columns is-layout-flex wp-container-core-columns-is-layout-9d6595d7 wp-block-columns-is-layout-flex\">\n<div class=\"wp-block-column is-layout-flow wp-block-column-is-layout-flow\">\n<figure class=\"wp-block-image size-full\"><img loading=\"lazy\" decoding=\"async\" width=\"200\" height=\"300\" src=\"https:\/\/liederkranz-pohl-goens.de\/wp-content\/uploads\/2021\/07\/Christa_60_1-200x300-1.jpg\" alt=\"\" class=\"wp-image-8083\"\/><figcaption class=\"wp-element-caption\"><strong>Die erste Dirigentenprobe wurde mit einer z\u00fcnftigen Feier zu Christas 60. Geburtstag beendet.<\/strong><\/figcaption><\/figure>\n<\/div>\n\n\n\n<div class=\"wp-block-column is-layout-flow wp-block-column-is-layout-flow\">\n<figure class=\"wp-block-image size-large\"><img loading=\"lazy\" decoding=\"async\" width=\"1600\" height=\"1067\" src=\"https:\/\/liederkranz-pohl-goens.de\/wp-content\/uploads\/2021\/07\/Spendenuebergabe1-Kopie-1600x1067.jpg\" alt=\"\" class=\"wp-image-8117\" srcset=\"https:\/\/liederkranz-pohl-goens.de\/wp-content\/uploads\/2021\/07\/Spendenuebergabe1-Kopie-1600x1067.jpg 1600w, https:\/\/liederkranz-pohl-goens.de\/wp-content\/uploads\/2021\/07\/Spendenuebergabe1-Kopie-300x200.jpg 300w, https:\/\/liederkranz-pohl-goens.de\/wp-content\/uploads\/2021\/07\/Spendenuebergabe1-Kopie-768x512.jpg 768w, https:\/\/liederkranz-pohl-goens.de\/wp-content\/uploads\/2021\/07\/Spendenuebergabe1-Kopie-1536x1024.jpg 1536w, https:\/\/liederkranz-pohl-goens.de\/wp-content\/uploads\/2021\/07\/Spendenuebergabe1-Kopie-2048x1365.jpg 2048w\" sizes=\"auto, (max-width: 1600px) 100vw, 1600px\" \/><figcaption class=\"wp-element-caption\"><strong>In der 3. Probe durften wir der Elterninitiative Marburg e.V. einen Scheck \u00fcber 1000 Euro \u00fcberreichen. Er soll die dortige Arbeit mit Krebskranken Kindern finanziell unterst\u00fctzen<\/strong><\/figcaption><\/figure>\n<\/div>\n<\/div>\n\n\n\n<div class=\"wp-block-columns is-layout-flex wp-container-core-columns-is-layout-9d6595d7 wp-block-columns-is-layout-flex\">\n<div class=\"wp-block-column is-layout-flow wp-block-column-is-layout-flow\">\n<figure class=\"wp-block-image size-full\"><img loading=\"lazy\" decoding=\"async\" width=\"900\" height=\"1600\" src=\"https:\/\/liederkranz-pohl-goens.de\/wp-content\/uploads\/2021\/07\/Lijan2.jpeg\" alt=\"\" class=\"wp-image-8120\" srcset=\"https:\/\/liederkranz-pohl-goens.de\/wp-content\/uploads\/2021\/07\/Lijan2.jpeg 900w, https:\/\/liederkranz-pohl-goens.de\/wp-content\/uploads\/2021\/07\/Lijan2-169x300.jpeg 169w, https:\/\/liederkranz-pohl-goens.de\/wp-content\/uploads\/2021\/07\/Lijan2-768x1365.jpeg 768w, https:\/\/liederkranz-pohl-goens.de\/wp-content\/uploads\/2021\/07\/Lijan2-864x1536.jpeg 864w\" sizes=\"auto, (max-width: 900px) 100vw, 900px\" \/><figcaption class=\"wp-element-caption\"><strong>Der 03.03.2020 war f\u00fcr unsere S\u00e4ngerin Anne&nbsp;&nbsp;ein besonderer Tag. Sie durfte Ihrem Sohn Lijan&nbsp;&nbsp;erstmals in die Augen sehen<\/strong>. &nbsp;<\/figcaption><\/figure>\n<\/div>\n\n\n\n<div class=\"wp-block-column is-layout-flow wp-block-column-is-layout-flow\">\n<p class=\"has-text-align-right\">Am 10.03.2020 fand das diesj\u00e4hrige Heringsessen mit ein wenig Versp\u00e4tung statt.&nbsp;Da&nbsp;J\u00fcrgen Fuchs &nbsp;kurz zuvor seinen 60. Geburtstag &nbsp;gefeiert hatte &nbsp;lud er uns &nbsp;alle ein.<\/p>\n<\/div>\n<\/div>\n\n\n\n<p><kbd><strong><em>Das war f\u00fcr die n\u00e4chste Zeit unsere letzte gemeinsame Veranstaltung, denn&nbsp;das&nbsp;Corona Virus&nbsp;hat nun auch uns erreicht.<\/em>&nbsp;&nbsp;<\/strong><\/kbd><\/p>\n\n\n\n<div class=\"wp-block-columns is-layout-flex wp-container-core-columns-is-layout-9d6595d7 wp-block-columns-is-layout-flex\">\n<div class=\"wp-block-column is-layout-flow wp-block-column-is-layout-flow\">\n<figure class=\"wp-block-image size-large\"><img loading=\"lazy\" decoding=\"async\" width=\"1600\" height=\"1332\" src=\"https:\/\/liederkranz-pohl-goens.de\/wp-content\/uploads\/2021\/07\/Absage-JHV-BZ-25.02.21-1600x1332.jpeg\" alt=\"\" class=\"wp-image-7973\" srcset=\"https:\/\/liederkranz-pohl-goens.de\/wp-content\/uploads\/2021\/07\/Absage-JHV-BZ-25.02.21-1600x1332.jpeg 1600w, https:\/\/liederkranz-pohl-goens.de\/wp-content\/uploads\/2021\/07\/Absage-JHV-BZ-25.02.21-300x250.jpeg 300w, https:\/\/liederkranz-pohl-goens.de\/wp-content\/uploads\/2021\/07\/Absage-JHV-BZ-25.02.21-768x640.jpeg 768w, https:\/\/liederkranz-pohl-goens.de\/wp-content\/uploads\/2021\/07\/Absage-JHV-BZ-25.02.21-1536x1279.jpeg 1536w, https:\/\/liederkranz-pohl-goens.de\/wp-content\/uploads\/2021\/07\/Absage-JHV-BZ-25.02.21-2048x1705.jpeg 2048w, https:\/\/liederkranz-pohl-goens.de\/wp-content\/uploads\/2021\/07\/Absage-JHV-BZ-25.02.21-1000x833.jpeg 1000w, https:\/\/liederkranz-pohl-goens.de\/wp-content\/uploads\/2021\/07\/Absage-JHV-BZ-25.02.21-360x300.jpeg 360w\" sizes=\"auto, (max-width: 1600px) 100vw, 1600px\" \/><\/figure>\n<\/div>\n\n\n\n<div class=\"wp-block-column is-layout-flow wp-block-column-is-layout-flow\"><div class=\"wp-block-image\">\n<figure class=\"aligncenter size-full\"><img loading=\"lazy\" decoding=\"async\" width=\"150\" height=\"150\" src=\"https:\/\/liederkranz-pohl-goens.de\/wp-content\/uploads\/2021\/07\/image.jpeg\" alt=\"\" class=\"wp-image-7907\" srcset=\"https:\/\/liederkranz-pohl-goens.de\/wp-content\/uploads\/2021\/07\/image.jpeg 150w, https:\/\/liederkranz-pohl-goens.de\/wp-content\/uploads\/2021\/07\/image-85x85.jpeg 85w\" sizes=\"auto, (max-width: 150px) 100vw, 150px\" \/><\/figure>\n<\/div><\/div>\n<\/div>\n\n\n\n<p>Da die Stadt Butzbach die Nutzung der B\u00fcrgerh\u00e4user untersagt hat, waren somit auch unsere Proben hinf\u00e4llig. Ebenso wie das&nbsp;Wertungssingen am 21.03.2020. &nbsp;JHV und Konzertreise fielen ebenfalls aus. &nbsp;<\/p>\n\n\n\n<div class=\"wp-block-columns is-layout-flex wp-container-core-columns-is-layout-9d6595d7 wp-block-columns-is-layout-flex\">\n<div class=\"wp-block-column is-layout-flow wp-block-column-is-layout-flow\">\n<figure class=\"wp-block-image size-full\"><img loading=\"lazy\" decoding=\"async\" width=\"1200\" height=\"1600\" src=\"https:\/\/liederkranz-pohl-goens.de\/wp-content\/uploads\/2021\/07\/Ein-besonderes-Ostern.jpeg\" alt=\"\" class=\"wp-image-8135\" srcset=\"https:\/\/liederkranz-pohl-goens.de\/wp-content\/uploads\/2021\/07\/Ein-besonderes-Ostern.jpeg 1200w, https:\/\/liederkranz-pohl-goens.de\/wp-content\/uploads\/2021\/07\/Ein-besonderes-Ostern-225x300.jpeg 225w, https:\/\/liederkranz-pohl-goens.de\/wp-content\/uploads\/2021\/07\/Ein-besonderes-Ostern-768x1024.jpeg 768w, https:\/\/liederkranz-pohl-goens.de\/wp-content\/uploads\/2021\/07\/Ein-besonderes-Ostern-1152x1536.jpeg 1152w\" sizes=\"auto, (max-width: 1200px) 100vw, 1200px\" \/><\/figure>\n<\/div>\n\n\n\n<div class=\"wp-block-column is-layout-flow wp-block-column-is-layout-flow\">\n<figure class=\"wp-block-image size-full\"><img loading=\"lazy\" decoding=\"async\" width=\"169\" height=\"300\" src=\"https:\/\/liederkranz-pohl-goens.de\/wp-content\/uploads\/2021\/07\/image-1.jpeg\" alt=\"\" class=\"wp-image-7908\"\/><\/figure>\n<\/div>\n\n\n\n<div class=\"wp-block-column is-layout-flow wp-block-column-is-layout-flow\">\n<figure class=\"wp-block-image size-large\"><img loading=\"lazy\" decoding=\"async\" width=\"1131\" height=\"1600\" src=\"https:\/\/liederkranz-pohl-goens.de\/wp-content\/uploads\/2021\/07\/Schreiben-Ostern-1131x1600.jpg\" alt=\"\" class=\"wp-image-8138\" srcset=\"https:\/\/liederkranz-pohl-goens.de\/wp-content\/uploads\/2021\/07\/Schreiben-Ostern-1131x1600.jpg 1131w, https:\/\/liederkranz-pohl-goens.de\/wp-content\/uploads\/2021\/07\/Schreiben-Ostern-212x300.jpg 212w, https:\/\/liederkranz-pohl-goens.de\/wp-content\/uploads\/2021\/07\/Schreiben-Ostern-768x1086.jpg 768w, https:\/\/liederkranz-pohl-goens.de\/wp-content\/uploads\/2021\/07\/Schreiben-Ostern-1086x1536.jpg 1086w, https:\/\/liederkranz-pohl-goens.de\/wp-content\/uploads\/2021\/07\/Schreiben-Ostern.jpg 1190w\" sizes=\"auto, (max-width: 1131px) 100vw, 1131px\" \/><\/figure>\n<\/div>\n<\/div>\n\n\n<p>Daf\u00fcr hatten wir <strong>ein ganz besonderes Ostern<\/strong>. Der Vorstand hat sich als \u00dcberraschung f\u00fcr alle kleine T\u00fcten mit einem Schreiben und etwas S\u00fc\u00dfem ausgedacht. Die \u201aOsterhasen\u2018 waren rege mit dem Verteilen besch\u00e4ftigt.<\/p>\n<p><!-- \/wp:post-content --><!-- wp:paragraph --><\/p>\n<p>WAS F\u00dcR EINE SCH\u00d6NE IDEE!!! \u00a0<\/p>\n<p><!-- wp:tadv\/classic-paragraph \/--><\/p>\n<p><!-- wp:columns --><\/p>\n<div class=\"wp-block-columns\"><!-- wp:column -->\n<p>\u00a0<\/p>\n<div class=\"wp-block-column\"><!-- wp:image {\"id\":8142,\"width\":367,\"height\":470,\"sizeSlug\":\"full\",\"linkDestination\":\"none\"} -->\n<p>\u00a0<\/p>\n<figure class=\"wp-block-image size-full is-resized\"><img loading=\"lazy\" decoding=\"async\" class=\"wp-image-8142\" src=\"https:\/\/liederkranz-pohl-goens.de\/wp-content\/uploads\/2021\/07\/1.-Zoom-Session_-12.05.2020.jpeg\" alt=\"\" width=\"367\" height=\"470\" srcset=\"https:\/\/liederkranz-pohl-goens.de\/wp-content\/uploads\/2021\/07\/1.-Zoom-Session_-12.05.2020.jpeg 739w, https:\/\/liederkranz-pohl-goens.de\/wp-content\/uploads\/2021\/07\/1.-Zoom-Session_-12.05.2020-234x300.jpeg 234w\" sizes=\"auto, (max-width: 367px) 100vw, 367px\" \/><\/figure>\n<p><!-- \/wp:image --><\/p>\n<\/div>\n<p><!-- \/wp:column --><\/p>\n<p><!-- wp:column --><\/p>\n<div class=\"wp-block-column\"><!-- wp:image {\"id\":8141,\"width\":415,\"height\":311,\"sizeSlug\":\"full\",\"linkDestination\":\"none\"} -->\n<p>\u00a0<\/p>\n<figure class=\"wp-block-image size-full is-resized\"><img loading=\"lazy\" decoding=\"async\" class=\"wp-image-8141\" src=\"https:\/\/liederkranz-pohl-goens.de\/wp-content\/uploads\/2021\/07\/2.-Zoom-Sitzung.jpeg\" alt=\"\" width=\"415\" height=\"311\" srcset=\"https:\/\/liederkranz-pohl-goens.de\/wp-content\/uploads\/2021\/07\/2.-Zoom-Sitzung.jpeg 1600w, https:\/\/liederkranz-pohl-goens.de\/wp-content\/uploads\/2021\/07\/2.-Zoom-Sitzung-300x225.jpeg 300w, https:\/\/liederkranz-pohl-goens.de\/wp-content\/uploads\/2021\/07\/2.-Zoom-Sitzung-768x576.jpeg 768w, https:\/\/liederkranz-pohl-goens.de\/wp-content\/uploads\/2021\/07\/2.-Zoom-Sitzung-1536x1152.jpeg 1536w\" sizes=\"auto, (max-width: 415px) 100vw, 415px\" \/><\/figure>\n<p><!-- \/wp:image --><\/p>\n<\/div>\n<p><!-- \/wp:column --><\/p>\n<\/div>\n<p><!-- \/wp:columns --><\/p>\n<p><!-- wp:paragraph --><\/p>\n<p>Einige S\u00e4nger*innen\u00a0 wollten f\u00fcr etwas \u201aNormalit\u00e4t\u2018 in dieser Zeit sorgen. Daher trafen sich \u00a0am 12.05.2020 \u00a0 &#8211;\u00a0 7 Mitglieder \u00fcber Zoom zum plaudern .\u00a0 Leider wurden es nur 5 \u201aSitzungen\u2018. Mangels Interesse wurde das Projekt wieder eingestellt. \u00a0<\/p>\n<p><!-- \/wp:paragraph --><\/p>\n<p><!-- wp:columns --><\/p>\n<div class=\"wp-block-columns\"><!-- wp:column -->\n<p>\u00a0<\/p>\n<div class=\"wp-block-column\"><!-- wp:image {\"id\":8146,\"sizeSlug\":\"large\",\"linkDestination\":\"none\"} -->\n<p>\u00a0<\/p>\n<figure class=\"wp-block-image size-large\"><img loading=\"lazy\" decoding=\"async\" width=\"1600\" height=\"1200\" class=\"wp-image-8146\" src=\"https:\/\/liederkranz-pohl-goens.de\/wp-content\/uploads\/2021\/07\/Corona_6-1600x1200.jpeg\" alt=\"\" srcset=\"https:\/\/liederkranz-pohl-goens.de\/wp-content\/uploads\/2021\/07\/Corona_6-1600x1200.jpeg 1600w, https:\/\/liederkranz-pohl-goens.de\/wp-content\/uploads\/2021\/07\/Corona_6-300x225.jpeg 300w, https:\/\/liederkranz-pohl-goens.de\/wp-content\/uploads\/2021\/07\/Corona_6-768x576.jpeg 768w, https:\/\/liederkranz-pohl-goens.de\/wp-content\/uploads\/2021\/07\/Corona_6-1536x1152.jpeg 1536w, https:\/\/liederkranz-pohl-goens.de\/wp-content\/uploads\/2021\/07\/Corona_6-2048x1536.jpeg 2048w\" sizes=\"auto, (max-width: 1600px) 100vw, 1600px\" \/><\/figure>\n<p><!-- \/wp:image --><\/p>\n<\/div>\n<p><!-- \/wp:column --><\/p>\n<p><!-- wp:column --><\/p>\n<div class=\"wp-block-column\"><!-- wp:image {\"id\":8145,\"sizeSlug\":\"large\",\"linkDestination\":\"none\"} -->\n<p>\u00a0<\/p>\n<figure class=\"wp-block-image size-large\"><img loading=\"lazy\" decoding=\"async\" width=\"1600\" height=\"1200\" class=\"wp-image-8145\" src=\"https:\/\/liederkranz-pohl-goens.de\/wp-content\/uploads\/2021\/07\/Corona_1-1600x1200.jpeg\" alt=\"\" srcset=\"https:\/\/liederkranz-pohl-goens.de\/wp-content\/uploads\/2021\/07\/Corona_1-1600x1200.jpeg 1600w, https:\/\/liederkranz-pohl-goens.de\/wp-content\/uploads\/2021\/07\/Corona_1-300x225.jpeg 300w, https:\/\/liederkranz-pohl-goens.de\/wp-content\/uploads\/2021\/07\/Corona_1-768x576.jpeg 768w, https:\/\/liederkranz-pohl-goens.de\/wp-content\/uploads\/2021\/07\/Corona_1-1536x1152.jpeg 1536w, https:\/\/liederkranz-pohl-goens.de\/wp-content\/uploads\/2021\/07\/Corona_1-2048x1536.jpeg 2048w\" sizes=\"auto, (max-width: 1600px) 100vw, 1600px\" \/><\/figure>\n<p><!-- \/wp:image --><\/p>\n<\/div>\n<p><!-- \/wp:column --><\/p>\n<\/div>\n<p><!-- \/wp:columns --><\/p>\n<p><!-- wp:paragraph --><\/p>\n<p>Am 23.06. war nach langer Pause endlich die erste Probe unter Corona Hygienebedingungen. Es wurde in 2 Gruppen (Alt und Bass, Tenor und Sopran ) gesungen. Die Beteiligung war wie zu erwarten war nicht besonders gro\u00df.<\/p>\n<p><!-- \/wp:paragraph --><\/p>\n<p><!-- wp:paragraph --><\/p>\n<p>Am 30.06. fand die 2. Corona-Probe statt,\u00a0 sie war im Vergleich zur letzten Woche riesig besetzt. 16 Frauen und 14 M\u00e4nner !<\/p>\n<p><!-- \/wp:paragraph --><\/p>\n<p><!-- wp:columns --><\/p>\n<div class=\"wp-block-columns\"><!-- wp:column -->\n<p>\u00a0<\/p>\n<div class=\"wp-block-column\"><!-- wp:image {\"id\":8149,\"sizeSlug\":\"large\",\"linkDestination\":\"none\"} -->\n<p>\u00a0<\/p>\n<figure class=\"wp-block-image size-large\"><img loading=\"lazy\" decoding=\"async\" width=\"1600\" height=\"1067\" class=\"wp-image-8149\" src=\"https:\/\/liederkranz-pohl-goens.de\/wp-content\/uploads\/2021\/07\/IMG_3643-1600x1067.jpg\" alt=\"\" srcset=\"https:\/\/liederkranz-pohl-goens.de\/wp-content\/uploads\/2021\/07\/IMG_3643-1600x1067.jpg 1600w, https:\/\/liederkranz-pohl-goens.de\/wp-content\/uploads\/2021\/07\/IMG_3643-300x200.jpg 300w, https:\/\/liederkranz-pohl-goens.de\/wp-content\/uploads\/2021\/07\/IMG_3643-768x512.jpg 768w, https:\/\/liederkranz-pohl-goens.de\/wp-content\/uploads\/2021\/07\/IMG_3643-1536x1024.jpg 1536w, https:\/\/liederkranz-pohl-goens.de\/wp-content\/uploads\/2021\/07\/IMG_3643-2048x1365.jpg 2048w\" sizes=\"auto, (max-width: 1600px) 100vw, 1600px\" \/><\/figure>\n<p><!-- \/wp:image --><\/p>\n<\/div>\n<p><!-- \/wp:column --><\/p>\n<p><!-- wp:column --><\/p>\n<div class=\"wp-block-column\"><!-- wp:paragraph -->\n<p>\u00a0<\/p>\n<p>Die verschobene Jahreshauptversammlung wurde am 18.08.2020 im Hof von Michael Z\u00f6rb nachgeholt. Rita Euler legte ihr Amt auf eigenen Wunsch nieder. Hier r\u00fcckt die bisherige 4. Beisitzerin Christine Forbach nach. F\u00fcr den Posten einer neuen 4. Beisitzerin konnte Beata Radke gewonnen werden.<\/p>\n<\/div>\n<\/div>\n<div class=\"wp-block-columns\">\n<div class=\"wp-block-column\"><!-- wp:image {\"id\":8154,\"sizeSlug\":\"large\",\"linkDestination\":\"none\"} -->\n<p>\u00a0<\/p>\n<figure class=\"wp-block-image size-large\"><img loading=\"lazy\" decoding=\"async\" width=\"1600\" height=\"1067\" class=\"wp-image-8154\" src=\"https:\/\/liederkranz-pohl-goens.de\/wp-content\/uploads\/2021\/07\/IMG_3639-1600x1067.jpg\" alt=\"\" srcset=\"https:\/\/liederkranz-pohl-goens.de\/wp-content\/uploads\/2021\/07\/IMG_3639-1600x1067.jpg 1600w, https:\/\/liederkranz-pohl-goens.de\/wp-content\/uploads\/2021\/07\/IMG_3639-300x200.jpg 300w, https:\/\/liederkranz-pohl-goens.de\/wp-content\/uploads\/2021\/07\/IMG_3639-768x512.jpg 768w, https:\/\/liederkranz-pohl-goens.de\/wp-content\/uploads\/2021\/07\/IMG_3639-1536x1024.jpg 1536w, https:\/\/liederkranz-pohl-goens.de\/wp-content\/uploads\/2021\/07\/IMG_3639-2048x1365.jpg 2048w\" sizes=\"auto, (max-width: 1600px) 100vw, 1600px\" \/><\/figure>\n<p><!-- \/wp:image --><\/p>\n<\/div>\n<p><!-- \/wp:paragraph --><\/p>\n<p><!-- wp:column --><\/p>\n<div class=\"wp-block-column\"><!-- wp:image {\"id\":8153,\"sizeSlug\":\"large\",\"linkDestination\":\"none\"} -->\n<p>\u00a0<\/p>\n<figure class=\"wp-block-image size-large\"><img loading=\"lazy\" decoding=\"async\" width=\"1600\" height=\"1067\" class=\"wp-image-8153\" src=\"https:\/\/liederkranz-pohl-goens.de\/wp-content\/uploads\/2021\/07\/IMG_3637-1-1600x1067.jpg\" alt=\"\" srcset=\"https:\/\/liederkranz-pohl-goens.de\/wp-content\/uploads\/2021\/07\/IMG_3637-1-1600x1067.jpg 1600w, https:\/\/liederkranz-pohl-goens.de\/wp-content\/uploads\/2021\/07\/IMG_3637-1-300x200.jpg 300w, https:\/\/liederkranz-pohl-goens.de\/wp-content\/uploads\/2021\/07\/IMG_3637-1-768x512.jpg 768w, https:\/\/liederkranz-pohl-goens.de\/wp-content\/uploads\/2021\/07\/IMG_3637-1-1536x1024.jpg 1536w, https:\/\/liederkranz-pohl-goens.de\/wp-content\/uploads\/2021\/07\/IMG_3637-1-2048x1365.jpg 2048w\" sizes=\"auto, (max-width: 1600px) 100vw, 1600px\" \/><\/figure>\n<p><!-- \/wp:image --><\/p>\n<\/div>\n<p><!-- \/wp:column --><\/p>\n<p><!-- wp:column --><\/p>\n<div class=\"wp-block-column\"><!-- wp:image {\"id\":8156,\"sizeSlug\":\"large\",\"linkDestination\":\"none\"} -->\n<p>\u00a0<\/p>\n<figure class=\"wp-block-image size-large\"><img loading=\"lazy\" decoding=\"async\" width=\"1600\" height=\"1067\" class=\"wp-image-8156\" src=\"https:\/\/liederkranz-pohl-goens.de\/wp-content\/uploads\/2021\/07\/IMG_3642-1-1600x1067.jpg\" alt=\"\" srcset=\"https:\/\/liederkranz-pohl-goens.de\/wp-content\/uploads\/2021\/07\/IMG_3642-1-1600x1067.jpg 1600w, https:\/\/liederkranz-pohl-goens.de\/wp-content\/uploads\/2021\/07\/IMG_3642-1-300x200.jpg 300w, https:\/\/liederkranz-pohl-goens.de\/wp-content\/uploads\/2021\/07\/IMG_3642-1-768x512.jpg 768w, https:\/\/liederkranz-pohl-goens.de\/wp-content\/uploads\/2021\/07\/IMG_3642-1-1536x1024.jpg 1536w, https:\/\/liederkranz-pohl-goens.de\/wp-content\/uploads\/2021\/07\/IMG_3642-1-2048x1365.jpg 2048w\" sizes=\"auto, (max-width: 1600px) 100vw, 1600px\" \/><\/figure>\n<p><!-- \/wp:image --><\/p>\n<\/div>\n<p><!-- \/wp:column --><\/p>\n<\/div>\n<p><!-- \/wp:column --><\/p>\n<p><!-- wp:paragraph --><\/p>\n<p>Nachdem das Wetter keine weiteren Proben \u00a0im Freien zuliess, konnten wir dankenswerter Weise auf die Halle des TSV Ebersg\u00f6ns ausweichen. \u00a0<\/p>\n<p><!-- \/wp:paragraph --><\/p>\n<p><!-- wp:columns --><\/p>\n<div class=\"wp-block-columns\"><!-- wp:column -->\n<p>\u00a0<\/p>\n<div class=\"wp-block-column\"><!-- wp:paragraph -->\n<p>\u00a0<\/p>\n<p>Schon zu Beginn der Corona-Pandemie hatte uns Martin Winkler\u00a0eine Komposition von Batista Pradal \u00a0als Noten\u00a0und in mp3-Form\u00a0zukommen lassen. Soweit es den S\u00e4nger*innen m\u00f6glich war, \u00a0hatte\u00a0jeder f\u00fcr sich dieses Lied \u00a0zuhause einstudiert. Es konnte daher bei\u00a0einer der letzten Proben in Ebersg\u00f6ns mit dem Handy aufgenommen\u00a0und an den Maestro \u00fcbermittelt werden.<\/p>\n<p><!-- \/wp:paragraph --><\/p>\n<\/div>\n<p><!-- \/wp:column --><\/p>\n<p><!-- wp:column --><\/p>\n<div class=\"wp-block-column\"><!-- wp:paragraph -->\n<p>\u00a0<\/p>\n<p>\u00a0 \u00dcber den gesamten Zeitraum wurden wir vom Vorstand \u00a0mit insgesamt 5 Schreiben \u00fcber das Geschehen in und um den Liederkranz auf dem Laufenden gehalten. Ausserdem hat Andy soweit es ihm m\u00f6glich war alle Mitglieder telefonisch kontaktiert und sich nach dem jeweiligen Befinden erkundigt.<\/p>\n<p><!-- \/wp:paragraph --><\/p>\n<\/div>\n<p><!-- \/wp:column --><\/p>\n<\/div>\n<p><!-- \/wp:columns --><\/p>\n<p><!-- wp:columns --><\/p>\n<div class=\"wp-block-columns\"><!-- wp:column -->\n<p>\u00a0<\/p>\n<div class=\"wp-block-column\"><!-- wp:image {\"id\":8160,\"sizeSlug\":\"large\",\"linkDestination\":\"none\"} -->\n<p>\u00a0<\/p>\n<figure class=\"wp-block-image size-large\"><img loading=\"lazy\" decoding=\"async\" width=\"1600\" height=\"1067\" class=\"wp-image-8160\" src=\"https:\/\/liederkranz-pohl-goens.de\/wp-content\/uploads\/2021\/07\/IMG_3661-1600x1067.jpg\" alt=\"\" srcset=\"https:\/\/liederkranz-pohl-goens.de\/wp-content\/uploads\/2021\/07\/IMG_3661-1600x1067.jpg 1600w, https:\/\/liederkranz-pohl-goens.de\/wp-content\/uploads\/2021\/07\/IMG_3661-300x200.jpg 300w, https:\/\/liederkranz-pohl-goens.de\/wp-content\/uploads\/2021\/07\/IMG_3661-768x512.jpg 768w, https:\/\/liederkranz-pohl-goens.de\/wp-content\/uploads\/2021\/07\/IMG_3661-1536x1024.jpg 1536w, https:\/\/liederkranz-pohl-goens.de\/wp-content\/uploads\/2021\/07\/IMG_3661-2048x1365.jpg 2048w\" sizes=\"auto, (max-width: 1600px) 100vw, 1600px\" \/><\/figure>\n<p><!-- \/wp:image --><\/p>\n<\/div>\n<p><!-- \/wp:column --><\/p>\n<p><!-- wp:column --><\/p>\n<div class=\"wp-block-column\"><!-- wp:paragraph -->\n<p>\u00a0<\/p>\n<p>Traditionsgem\u00e4\u00df hat der Liederkranz (mit geb\u00fchrendem Abstand) am Ewigkeitssonntag der Verstorbenen Mitglieder gedacht. Erstmals nach langer Zeit war kein Vereinsmitglied zu beklagen. \u00a0 Die von der Kirche im Ortspark beabsichtigte Feier zum heiligen Abend wurde wegen der hohen Corona-Fallzahlen abgesagt.<\/p>\n<p><!-- \/wp:paragraph --><\/p>\n<\/div>\n<p><!-- \/wp:column --><\/p>\n<\/div>\n<p><!-- \/wp:columns --><\/p>\n<p><!-- wp:columns --><\/p>\n<div class=\"wp-block-columns\"><!-- wp:column {\"width\":\"25%\"} -->\n<p>\u00a0<\/p>\n<div class=\"wp-block-column\" style=\"flex-basis: 25%;\"><!-- wp:image {\"id\":7571,\"sizeSlug\":\"large\",\"linkDestination\":\"none\"} -->\n<p>\u00a0<\/p>\n<figure class=\"wp-block-image size-large\"><img loading=\"lazy\" decoding=\"async\" width=\"1132\" height=\"1600\" class=\"wp-image-7571\" src=\"https:\/\/liederkranz-pohl-goens.de\/wp-content\/uploads\/2020\/12\/Weihnachten-2020-1132x1600.jpeg\" alt=\"\" srcset=\"https:\/\/liederkranz-pohl-goens.de\/wp-content\/uploads\/2020\/12\/Weihnachten-2020-1132x1600.jpeg 1132w, https:\/\/liederkranz-pohl-goens.de\/wp-content\/uploads\/2020\/12\/Weihnachten-2020-212x300.jpeg 212w, https:\/\/liederkranz-pohl-goens.de\/wp-content\/uploads\/2020\/12\/Weihnachten-2020-768x1086.jpeg 768w, https:\/\/liederkranz-pohl-goens.de\/wp-content\/uploads\/2020\/12\/Weihnachten-2020-1087x1536.jpeg 1087w, https:\/\/liederkranz-pohl-goens.de\/wp-content\/uploads\/2020\/12\/Weihnachten-2020-1449x2048.jpeg 1449w, https:\/\/liederkranz-pohl-goens.de\/wp-content\/uploads\/2020\/12\/Weihnachten-2020.jpeg 1654w\" sizes=\"auto, (max-width: 1132px) 100vw, 1132px\" \/><\/figure>\n<p><!-- \/wp:image --><\/p>\n<\/div>\n<p><!-- \/wp:column --><\/p>\n<p><!-- wp:column {\"width\":\"50%\"} --><\/p>\n<div class=\"wp-block-column\" style=\"flex-basis: 50%;\"><!-- wp:paragraph -->\n<p>\u00a0<\/p>\n<p>Die Damen und Herren des Vorstandes hatten sich f\u00fcr die Vereinsmitglieder wieder eine kleine \u00dcberraschung ausgedacht. Wie schon an Ostern erhielt jeder ein pers\u00f6nliches Pr\u00e4sent mit zwei wundersch\u00f6nen Anschreiben.<\/p>\n<p><!-- \/wp:paragraph --><\/p>\n<\/div>\n<p><!-- \/wp:column --><\/p>\n<p><!-- wp:column {\"width\":\"25%\"} --><\/p>\n<div class=\"wp-block-column\" style=\"flex-basis: 25%;\">\n<p>\u00a0<\/p>\n<figure class=\"wp-block-image size-large\"><img loading=\"lazy\" decoding=\"async\" width=\"1146\" height=\"1600\" class=\"wp-image-7574\" src=\"https:\/\/liederkranz-pohl-goens.de\/wp-content\/uploads\/2020\/12\/Weihnachten-2020-1-1146x1600.jpeg\" alt=\"\" srcset=\"https:\/\/liederkranz-pohl-goens.de\/wp-content\/uploads\/2020\/12\/Weihnachten-2020-1-1146x1600.jpeg 1146w, https:\/\/liederkranz-pohl-goens.de\/wp-content\/uploads\/2020\/12\/Weihnachten-2020-1-215x300.jpeg 215w, https:\/\/liederkranz-pohl-goens.de\/wp-content\/uploads\/2020\/12\/Weihnachten-2020-1-768x1073.jpeg 768w, https:\/\/liederkranz-pohl-goens.de\/wp-content\/uploads\/2020\/12\/Weihnachten-2020-1-1100x1536.jpeg 1100w, https:\/\/liederkranz-pohl-goens.de\/wp-content\/uploads\/2020\/12\/Weihnachten-2020-1-1466x2048.jpeg 1466w, https:\/\/liederkranz-pohl-goens.de\/wp-content\/uploads\/2020\/12\/Weihnachten-2020-1.jpeg 1654w\" sizes=\"auto, (max-width: 1146px) 100vw, 1146px\" \/><\/figure>\n<\/div>\n<p>\u00a0<\/p>\n<p><!-- \/wp:column --><\/p>\n<\/div>\n<p><!-- \/wp:columns --><\/p>\n\n<!-- wp:paragraph -->\n<p><a href=\"https:\/\/liederkranz-pohl-goens.de\/index.php\/chronik\/das-jahr-2021\/\" target=\"_blank\" rel=\"noreferrer noopener\">weiter <\/a><\/p>\n<!-- \/wp:paragraph --><!-- \/wp:columns -->","protected":false},"excerpt":{"rendered":"<p>Wer h\u00e4tte gedacht, dass ein Virus unseren Verein so belasten k\u00f6nnte\u2026&nbsp; Wie jedes Jahr wurde die erste Probe mit der Besprechung der Jahrestermine begonnen. Am 10.03.2020 fand das diesj\u00e4hrige Heringsessen mit ein wenig Versp\u00e4tung statt.&nbsp;Da&nbsp;J\u00fcrgen Fuchs &nbsp;kurz zuvor seinen 60. Geburtstag &nbsp;gefeiert hatte &nbsp;lud er uns &nbsp;alle ein. Das war<\/p>\n","protected":false},"author":4,"featured_media":0,"parent":76,"menu_order":10,"comment_status":"closed","ping_status":"closed","template":"","meta":{"footnotes":""},"class_list":["post-8492","page","type-page","status-publish","hentry"],"_links":{"self":[{"href":"https:\/\/liederkranz-pohl-goens.de\/index.php\/wp-json\/wp\/v2\/pages\/8492","targetHints":{"allow":["GET"]}}],"collection":[{"href":"https:\/\/liederkranz-pohl-goens.de\/index.php\/wp-json\/wp\/v2\/pages"}],"about":[{"href":"https:\/\/liederkranz-pohl-goens.de\/index.php\/wp-json\/wp\/v2\/types\/page"}],"author":[{"embeddable":true,"href":"https:\/\/liederkranz-pohl-goens.de\/index.php\/wp-json\/wp\/v2\/users\/4"}],"replies":[{"embeddable":true,"href":"https:\/\/liederkranz-pohl-goens.de\/index.php\/wp-json\/wp\/v2\/comments?post=8492"}],"version-history":[{"count":11,"href":"https:\/\/liederkranz-pohl-goens.de\/index.php\/wp-json\/wp\/v2\/pages\/8492\/revisions"}],"predecessor-version":[{"id":11137,"href":"https:\/\/liederkranz-pohl-goens.de\/index.php\/wp-json\/wp\/v2\/pages\/8492\/revisions\/11137"}],"up":[{"embeddable":true,"href":"https:\/\/liederkranz-pohl-goens.de\/index.php\/wp-json\/wp\/v2\/pages\/76"}],"wp:attachment":[{"href":"https:\/\/liederkranz-pohl-goens.de\/index.php\/wp-json\/wp\/v2\/media?parent=8492"}],"curies":[{"name":"wp","href":"https:\/\/api.w.org\/{rel}","templated":true}]}}